{"id":5664,"date":"2016-11-06T00:43:29","date_gmt":"2016-11-05T23:43:29","guid":{"rendered":"https:\/\/barnenshus.nu\/?page_id=5664"},"modified":"2024-11-08T14:50:58","modified_gmt":"2024-11-08T13:50:58","slug":"forsakring","status":"publish","type":"page","link":"https:\/\/barnenshus.nu\/?page_id=5664","title":{"rendered":"F\u00f6rs\u00e4kring"},"content":{"rendered":"<div class=\"page\" title=\"Page 3\">\n<div class=\"section\">\n<div class=\"layoutArea\">\n<div class=\"column\">\n<p><span style=\"color: #999999;\"><em>Medlemssidor \/ F\u00f6rs\u00e4kring<\/em><\/span><\/p>\n<p><span style=\"color: #000000;\">F\u00f6rskolan har en s\u00e5 kallad dygnetruntf\u00f6rs\u00e4kring f\u00f6r alla barn. Kontakta rektor f\u00f6r att ta del av de aktuella villkoren.<\/span><\/p>\n<\/div>\n<\/div>\n<\/div>\n<\/div>\n","protected":false},"excerpt":{"rendered":"<p>Medlemssidor \/ F\u00f6rs\u00e4kring F\u00f6rskolan har en s\u00e5 kallad dygnetruntf\u00f6rs\u00e4kring f\u00f6r alla barn. Kontakta rektor f\u00f6r att ta del av de aktuella villkoren.<\/p>\n","protected":false},"author":1,"featured_media":0,"parent":236,"menu_order":0,"comment_status":"closed","ping_status":"closed","template":"full-width.php","meta":[],"_links":{"self":[{"href":"https:\/\/barnenshus.nu\/index.php?rest_route=\/wp\/v2\/pages\/5664"}],"collection":[{"href":"https:\/\/barnenshus.nu\/index.php?rest_route=\/wp\/v2\/pages"}],"about":[{"href":"https:\/\/barnenshus.nu\/index.php?rest_route=\/wp\/v2\/types\/page"}],"author":[{"embeddable":true,"href":"https:\/\/barnenshus.nu\/index.php?rest_route=\/wp\/v2\/users\/1"}],"replies":[{"embeddable":true,"href":"https:\/\/barnenshus.nu\/index.php?rest_route=%2Fwp%2Fv2%2Fcomments&post=5664"}],"version-history":[{"count":3,"href":"https:\/\/barnenshus.nu\/index.php?rest_route=\/wp\/v2\/pages\/5664\/revisions"}],"predecessor-version":[{"id":6043,"href":"https:\/\/barnenshus.nu\/index.php?rest_route=\/wp\/v2\/pages\/5664\/revisions\/6043"}],"up":[{"embeddable":true,"href":"https:\/\/barnenshus.nu\/index.php?rest_route=\/wp\/v2\/pages\/236"}],"wp:attachment":[{"href":"https:\/\/barnenshus.nu\/index.php?rest_route=%2Fwp%2Fv2%2Fmedia&parent=5664"}],"curies":[{"name":"wp","href":"https:\/\/api.w.org\/{rel}","templated":true}]}}