{"id":5330,"date":"2016-10-30T22:24:54","date_gmt":"2016-10-30T21:24:54","guid":{"rendered":"https:\/\/barnenshus.nu\/?page_id=5330"},"modified":"2025-10-01T20:16:13","modified_gmt":"2025-10-01T18:16:13","slug":"materielet","status":"publish","type":"page","link":"https:\/\/barnenshus.nu\/?page_id=5330","title":{"rendered":"Montessori"},"content":{"rendered":"<p><span style=\"color: #999999;\"><em>Montessori \/ Materialet<\/em><\/span><\/p>\n<p><em>Montessori \/ Pedagogiken<\/em><\/p>\n<p>Maria Montessori hette den kvinna som utvecklade den pedagogik som b\u00e4r hennes namn och som vi anv\u00e4nder oss av p\u00e5 Barnens Hus. Vi arbetar i Montessorianda i en v\u00e4l f\u00f6rberedd milj\u00f6, som \u00e4r anpassad efter barnens utveckling.\u00a0<\/p>\n<p>D\u00e4r erbjuds bland annat bord, stolar och hyllor i barnens h\u00f6jd. Detta f\u00f6r att barnen ska ha m\u00f6jlighet att bli sj\u00e4lvst\u00e4ndiga och ansvarsfulla. Vi l\u00e4gger stor vikt vid att barnen omger sig med saker som lockar och stimulerar dem. Inom montessoripedagogiken g\u00e5r barnen i \u00e5ldersblandade grupper. Genom detta f\u00e5r barnen st\u00f6rre m\u00f6jlighet att kunna hj\u00e4lpa varandra samt att kommunicera. Alla barn arbetar utifr\u00e5n sin niv\u00e5, f\u00f6rm\u00e5ga och sitt intresse, vilket medf\u00f6r att de oftast sj\u00e4lva bildar grupper utifr\u00e5n gemensamma f\u00f6ruts\u00e4ttningar och gemensamma intressen.<\/p>\n<p>Maria Montessori utvecklade ett speciellt material som anv\u00e4nds p\u00e5 v\u00e5r f\u00f6rskola. Detta material g\u00e5r ifr\u00e5n det konkreta till det abstrakta. Montessori menade att det man g\u00f6r med sina h\u00e4nder minns man. N\u00e4r barnen arbetar med materialet \u00e4r det viktigt att vi ger dem tid. D\u00e4rf\u00f6r vill vi att barnen s\u00e5 mycket som m\u00f6jligt ska f\u00e5 arbeta ost\u00f6rt utan att bli avbrutna. Personalen erbjuder barnet aktiviteter utifr\u00e5n barnets f\u00f6ruts\u00e4ttningar eller s\u00e5 v\u00e4ljer de sj\u00e4lva \u2013 frihet under ansvar. Barnet har m\u00f6jlighet att uppn\u00e5 koncentration utan avbrott och att arbeta med sin aktivitet tills det blir n\u00f6jt. Montessorimaterialet \u00e4r sj\u00e4lvr\u00e4ttande, vilket d\u00e5 leder till att barnen sj\u00e4lva kan se om det \u00e4r r\u00e4tt eller fel. Detta stimulerar barnens sj\u00e4lvst\u00e4ndighet.<\/p>\n<p>I montessoripedagogiken l\u00e4ggs det \u00e4ven stor vikt vid praktiska vardags\u00f6vningar som handlar om att hantera vardagen. Detta kan vara allt fr\u00e5n att torka borden, tv\u00e4tta, kn\u00e4ppa knappar till att knyta skor. Dessa \u00f6vningar stimulerar koncentrationen samt medverkar till att barnen l\u00e4r sig v\u00e5rda sin milj\u00f6.<\/p>\n<p>Montessorifilosofin \u00e4r ett s\u00e4tt att vara. Vi till\u00e4mpar Maria Montessoris helhetssyn p\u00e5 barnet och dess tro p\u00e5 att det vill fram\u00e5t. Att ge dem stimulans genom att l\u00e5ta dem g\u00f6ra saker sj\u00e4lva och utvecklas till sj\u00e4lvst\u00e4ndighet \u00e4r betydelsefullt. Att ha en \u00f6msesidig respekt genomsyrar hela v\u00e5r verksamhet.\u00a0<\/p>\n<p>Barnen har o\u00e4ndliga m\u00f6jligheter och det \u00e4r barnen som kan visa v\u00e4gen till en b\u00e4ttre v\u00e4rld\u2764\ufe0f<\/p>\n\n\n<p><\/p>\n","protected":false},"excerpt":{"rendered":"<p>Montessori \/ Materialet Montessori \/ Pedagogiken Maria Montessori hette den kvinna som utvecklade den pedagogik som b\u00e4r hennes namn och som vi anv\u00e4nder oss av p\u00e5 Barnens Hus. Vi arbetar i Montessorianda i en v\u00e4l f\u00f6rberedd milj\u00f6, som \u00e4r anpassad efter barnens utveckling.\u00a0 D\u00e4r erbjuds bland annat bord, stolar och hyllor i barnens h\u00f6jd. Detta&#8230; <\/p>\n","protected":false},"author":1,"featured_media":0,"parent":239,"menu_order":0,"comment_status":"closed","ping_status":"closed","template":"full-width.php","meta":[],"_links":{"self":[{"href":"https:\/\/barnenshus.nu\/index.php?rest_route=\/wp\/v2\/pages\/5330"}],"collection":[{"href":"https:\/\/barnenshus.nu\/index.php?rest_route=\/wp\/v2\/pages"}],"about":[{"href":"https:\/\/barnenshus.nu\/index.php?rest_route=\/wp\/v2\/types\/page"}],"author":[{"embeddable":true,"href":"https:\/\/barnenshus.nu\/index.php?rest_route=\/wp\/v2\/users\/1"}],"replies":[{"embeddable":true,"href":"https:\/\/barnenshus.nu\/index.php?rest_route=%2Fwp%2Fv2%2Fcomments&post=5330"}],"version-history":[{"count":14,"href":"https:\/\/barnenshus.nu\/index.php?rest_route=\/wp\/v2\/pages\/5330\/revisions"}],"predecessor-version":[{"id":6091,"href":"https:\/\/barnenshus.nu\/index.php?rest_route=\/wp\/v2\/pages\/5330\/revisions\/6091"}],"up":[{"embeddable":true,"href":"https:\/\/barnenshus.nu\/index.php?rest_route=\/wp\/v2\/pages\/239"}],"wp:attachment":[{"href":"https:\/\/barnenshus.nu\/index.php?rest_route=%2Fwp%2Fv2%2Fmedia&parent=5330"}],"curies":[{"name":"wp","href":"https:\/\/api.w.org\/{rel}","templated":true}]}}