{"id":5327,"date":"2016-10-30T22:24:23","date_gmt":"2016-10-30T21:24:23","guid":{"rendered":"https:\/\/barnenshus.nu\/?page_id=5327"},"modified":"2024-11-08T17:04:30","modified_gmt":"2024-11-08T16:04:30","slug":"pedagogiken","status":"publish","type":"page","link":"https:\/\/barnenshus.nu\/?page_id=5327","title":{"rendered":"V\u00e5r utbildning"},"content":{"rendered":"<p>Ditt barns utbildning b\u00f6rjar i f\u00f6rskolan. H\u00e4r l\u00e4ggs grunden till ditt barns livsl\u00e5nga l\u00e4rande.<\/p>\n<p>Just d\u00e4rf\u00f6r \u00e4r Barnens Hus vision att vi vill vara &#8221; En f\u00f6rskola med h\u00f6g kvalit\u00e9 d\u00e4r barn, personal och v\u00e5rdnadshavare k\u00e4nner trygghet och d\u00e4r v\u00e5ra barn kan utvecklas till sj\u00e4lvst\u00e4ndiga, ansvarstagande m\u00e4nniskor med en livsl\u00e5ng lust att l\u00e4ra&#8221;.<\/p>\n<p>Tillsammans med dig som v\u00e5rdnadshavare, i ett n\u00e4ra och f\u00f6rtroendefullt samarbete, vill vi skapa de b\u00e4sta f\u00f6ruts\u00e4ttningarna f\u00f6r att ditt barns utveckling.<\/p>\n<p>F\u00f6rskolans grund utg\u00e5r fr\u00e5n skollagen, f\u00f6rskolans l\u00e4roplan och barnkonventionen.<\/p>\n<p><a href=\"https:\/\/www.skolverket.se\/undervisning\/forskolan\/laroplan-for-forskolan\">L\u00e4roplan f\u00f6r f\u00f6rskolan &#8211; Skolverket<\/a><\/p>\n<p><a href=\"https:\/\/www.riksdagen.se\/sv\/dokument-och-lagar\/dokument\/svensk-forfattningssamling\/skollag-2010800_sfs-2010-800\/\">Skollag (2010:800) | Sveriges riksdag<\/a><\/p>\n<p><a href=\"https:\/\/unicef.se\/barnkonventionen\/las-texten\">L\u00e4s barnkonventionen h\u00e4r | unicef.se<\/a><\/p>\n<p>Vi vill att barnen ska f\u00e5 en trygg, rolig och l\u00e4rorik tid hos oss. I v\u00e5r utbildning bildar omsorg, utveckling och l\u00e4rande en helhet och i v\u00e5r undervisning stimulerar och utmanar vi barnen med utg\u00e5ngspunkt i l\u00e4roplanen.<\/p>\n","protected":false},"excerpt":{"rendered":"<p>Ditt barns utbildning b\u00f6rjar i f\u00f6rskolan. H\u00e4r l\u00e4ggs grunden till ditt barns livsl\u00e5nga l\u00e4rande. Just d\u00e4rf\u00f6r \u00e4r Barnens Hus vision att vi vill vara &#8221; En f\u00f6rskola med h\u00f6g kvalit\u00e9 d\u00e4r barn, personal och v\u00e5rdnadshavare k\u00e4nner trygghet och d\u00e4r v\u00e5ra barn kan utvecklas till sj\u00e4lvst\u00e4ndiga, ansvarstagande m\u00e4nniskor med en livsl\u00e5ng lust att l\u00e4ra&#8221;. Tillsammans med&#8230; <\/p>\n","protected":false},"author":1,"featured_media":0,"parent":239,"menu_order":0,"comment_status":"closed","ping_status":"closed","template":"full-width.php","meta":[],"_links":{"self":[{"href":"https:\/\/barnenshus.nu\/index.php?rest_route=\/wp\/v2\/pages\/5327"}],"collection":[{"href":"https:\/\/barnenshus.nu\/index.php?rest_route=\/wp\/v2\/pages"}],"about":[{"href":"https:\/\/barnenshus.nu\/index.php?rest_route=\/wp\/v2\/types\/page"}],"author":[{"embeddable":true,"href":"https:\/\/barnenshus.nu\/index.php?rest_route=\/wp\/v2\/users\/1"}],"replies":[{"embeddable":true,"href":"https:\/\/barnenshus.nu\/index.php?rest_route=%2Fwp%2Fv2%2Fcomments&post=5327"}],"version-history":[{"count":13,"href":"https:\/\/barnenshus.nu\/index.php?rest_route=\/wp\/v2\/pages\/5327\/revisions"}],"predecessor-version":[{"id":6059,"href":"https:\/\/barnenshus.nu\/index.php?rest_route=\/wp\/v2\/pages\/5327\/revisions\/6059"}],"up":[{"embeddable":true,"href":"https:\/\/barnenshus.nu\/index.php?rest_route=\/wp\/v2\/pages\/239"}],"wp:attachment":[{"href":"https:\/\/barnenshus.nu\/index.php?rest_route=%2Fwp%2Fv2%2Fmedia&parent=5327"}],"curies":[{"name":"wp","href":"https:\/\/api.w.org\/{rel}","templated":true}]}}